{"id":12,"date":"2026-02-24T11:13:33","date_gmt":"2026-02-24T10:13:33","guid":{"rendered":"https:\/\/million-jestem.com\/?page_id=12"},"modified":"2026-04-09T11:07:42","modified_gmt":"2026-04-09T09:07:42","slug":"koszyk","status":"publish","type":"page","link":"https:\/\/million-jestem.com\/?page_id=12","title":{"rendered":"Koszyk"},"content":{"rendered":"\n<div data-block-name=\"woocommerce\/cart\" class=\"wp-block-woocommerce-cart alignwide is-loading\">\n<div data-block-name=\"woocommerce\/filled-cart-block\" class=\"wp-block-woocommerce-filled-cart-block\">\n<div data-block-name=\"woocommerce\/cart-items-block\" class=\"wp-block-woocommerce-cart-items-block\">\n<div data-block-name=\"woocommerce\/cart-line-items-block\" class=\"wp-block-woocommerce-cart-line-items-block\"><\/div>\n\n\n<\/div>\n\n\n\n\n<div data-block-name=\"woocommerce\/cart-totals-block\" class=\"wp-block-woocommerce-cart-totals-block\">\n<div data-block-name=\"woocommerce\/cart-order-summary-block\" class=\"wp-block-woocommerce-cart-order-summary-block\">\n<div data-block-name=\"woocommerce\/cart-order-summary-heading-block\" class=\"wp-block-woocommerce-cart-order-summary-heading-block\"><\/div><div data-block-name=\"woocommerce\/cart-order-summary-coupon-form-block\" class=\"wp-block-woocommerce-cart-order-summary-coupon-form-block\"><\/div><div data-block-name=\"woocommerce\/cart-order-summary-totals-block\" class=\"wp-block-woocommerce-cart-order-summary-totals-block\">\n<div data-block-name=\"woocommerce\/cart-order-summary-subtotal-block\" class=\"wp-block-woocommerce-cart-order-summary-subtotal-block\"><\/div>\n<div data-block-name=\"woocommerce\/cart-order-summary-discount-block\" class=\"wp-block-woocommerce-cart-order-summary-discount-block\"><\/div>\n<div data-block-name=\"woocommerce\/cart-order-summary-fee-block\" class=\"wp-block-woocommerce-cart-order-summary-fee-block\"><\/div>\n<div data-block-name=\"woocommerce\/cart-order-summary-shipping-block\" class=\"wp-block-woocommerce-cart-order-summary-shipping-block\"><\/div>\n<div data-block-name=\"woocommerce\/cart-order-summary-taxes-block\" class=\"wp-block-woocommerce-cart-order-summary-taxes-block\"><\/div><\/div>\n<\/div>\n\n\n\n<div data-block-name=\"woocommerce\/cart-express-payment-block\" class=\"wp-block-woocommerce-cart-express-payment-block\"><\/div>\n\n\n\n<div data-block-name=\"woocommerce\/proceed-to-checkout-block\" class=\"wp-block-woocommerce-proceed-to-checkout-block\"><\/div>\n\n\n\n<div data-block-name=\"woocommerce\/cart-accepted-payment-methods-block\" class=\"wp-block-woocommerce-cart-accepted-payment-methods-block\"><\/div>\n<\/div>\n<\/div>\n\n\n\n<div data-block-name=\"woocommerce\/empty-cart-block\" class=\"wp-block-woocommerce-empty-cart-block\">\n<h2 class=\"wp-block-heading has-text-align-center with-empty-cart-icon wc-block-cart__empty-cart__title\">Tw\u00f3j koszyk jest obecnie pusty!<\/h2>\n\n\n\n<hr class=\"wp-block-separator has-alpha-channel-opacity is-style-dots\"\/>\n\n\n\n<h2 class=\"wp-block-heading has-text-align-center\">Nowe w sklepie<\/h2>\n\n\n<div data-block-name=\"woocommerce\/product-new\" data-columns=\"4\" data-rows=\"1\" class=\"wc-block-grid wp-block-product-new wp-block-woocommerce-product-new wc-block-product-new has-4-columns\"><ul class=\"wc-block-grid__products\"><li class=\"wc-block-grid__product\">\n\t\t\t\t<a href=\"https:\/\/million-jestem.com\/?product=bransoletka-obecnosci-million\" class=\"wc-block-grid__product-link\">\n\t\t\t\t\t\n\t\t\t\t\t<div class=\"wc-block-grid__product-image\"><img loading=\"lazy\" decoding=\"async\" width=\"300\" height=\"300\" src=\"https:\/\/million-jestem.com\/wp-content\/uploads\/2026\/03\/opaska-bez-tla-kwadrat-300x300.png\" class=\"attachment-woocommerce_thumbnail size-woocommerce_thumbnail\" alt=\"Bransoletka obecno\u015bci MILLION\" srcset=\"https:\/\/million-jestem.com\/wp-content\/uploads\/2026\/03\/opaska-bez-tla-kwadrat-300x300.png 300w, https:\/\/million-jestem.com\/wp-content\/uploads\/2026\/03\/opaska-bez-tla-kwadrat-1024x1024.png 1024w, https:\/\/million-jestem.com\/wp-content\/uploads\/2026\/03\/opaska-bez-tla-kwadrat-150x150.png 150w, https:\/\/million-jestem.com\/wp-content\/uploads\/2026\/03\/opaska-bez-tla-kwadrat-768x768.png 768w, https:\/\/million-jestem.com\/wp-content\/uploads\/2026\/03\/opaska-bez-tla-kwadrat-1536x1536.png 1536w, https:\/\/million-jestem.com\/wp-content\/uploads\/2026\/03\/opaska-bez-tla-kwadrat-2048x2048.png 2048w, https:\/\/million-jestem.com\/wp-content\/uploads\/2026\/03\/opaska-bez-tla-kwadrat-140x140.png 140w, https:\/\/million-jestem.com\/wp-content\/uploads\/2026\/03\/opaska-bez-tla-kwadrat-100x100.png 100w, https:\/\/million-jestem.com\/wp-content\/uploads\/2026\/03\/opaska-bez-tla-kwadrat-500x500.png 500w, https:\/\/million-jestem.com\/wp-content\/uploads\/2026\/03\/opaska-bez-tla-kwadrat-350x350.png 350w, https:\/\/million-jestem.com\/wp-content\/uploads\/2026\/03\/opaska-bez-tla-kwadrat-1000x1000.png 1000w, https:\/\/million-jestem.com\/wp-content\/uploads\/2026\/03\/opaska-bez-tla-kwadrat-800x800.png 800w\" sizes=\"auto, (max-width: 300px) 100vw, 300px\" \/><\/div>\n\t\t\t\t\t<div class=\"wc-block-grid__product-title\">Bransoletka obecno\u015bci MILLION<\/div>\n\t\t\t\t<\/a>\n\t\t\t\t<div class=\"wc-block-grid__product-price price\"><span class=\"woocommerce-Price-amount amount\">119,00&nbsp;<span class=\"woocommerce-Price-currencySymbol\">&#122;&#322;<\/span><\/span><\/div>\n\t\t\t\t\n\t\t\t\t<div class=\"wp-block-button wc-block-grid__product-add-to-cart\"><a href=\"https:\/\/million-jestem.com\/?product=bransoletka-obecnosci-million\" aria-label=\"Wybierz opcje dla &bdquo;Bransoletka obecno\u015bci MILLION&rdquo;\" data-quantity=\"1\" data-product_id=\"2070\" data-product_sku=\"\" data-price=\"119\" rel=\"nofollow\" class=\"wp-block-button__link  add_to_cart_button\">Wybierz opcje<\/a><\/div>\n\t\t\t<\/li><li class=\"wc-block-grid__product\">\n\t\t\t\t<a href=\"https:\/\/million-jestem.com\/?product=28-challenge\" class=\"wc-block-grid__product-link\">\n\t\t\t\t\t\n\t\t\t\t\t<div class=\"wc-block-grid__product-image\"><img loading=\"lazy\" decoding=\"async\" width=\"300\" height=\"300\" src=\"https:\/\/million-jestem.com\/wp-content\/uploads\/2026\/03\/zestaw-z-nowa-opaska-bez-tla-300x300.png\" class=\"attachment-woocommerce_thumbnail size-woocommerce_thumbnail\" alt=\"Wyzwanie 28 dni MILLION\" srcset=\"https:\/\/million-jestem.com\/wp-content\/uploads\/2026\/03\/zestaw-z-nowa-opaska-bez-tla-300x300.png 300w, https:\/\/million-jestem.com\/wp-content\/uploads\/2026\/03\/zestaw-z-nowa-opaska-bez-tla-1024x1024.png 1024w, https:\/\/million-jestem.com\/wp-content\/uploads\/2026\/03\/zestaw-z-nowa-opaska-bez-tla-150x150.png 150w, https:\/\/million-jestem.com\/wp-content\/uploads\/2026\/03\/zestaw-z-nowa-opaska-bez-tla-768x768.png 768w, https:\/\/million-jestem.com\/wp-content\/uploads\/2026\/03\/zestaw-z-nowa-opaska-bez-tla-1536x1536.png 1536w, https:\/\/million-jestem.com\/wp-content\/uploads\/2026\/03\/zestaw-z-nowa-opaska-bez-tla-2048x2048.png 2048w, https:\/\/million-jestem.com\/wp-content\/uploads\/2026\/03\/zestaw-z-nowa-opaska-bez-tla-140x140.png 140w, https:\/\/million-jestem.com\/wp-content\/uploads\/2026\/03\/zestaw-z-nowa-opaska-bez-tla-100x100.png 100w, https:\/\/million-jestem.com\/wp-content\/uploads\/2026\/03\/zestaw-z-nowa-opaska-bez-tla-500x500.png 500w, https:\/\/million-jestem.com\/wp-content\/uploads\/2026\/03\/zestaw-z-nowa-opaska-bez-tla-350x350.png 350w, https:\/\/million-jestem.com\/wp-content\/uploads\/2026\/03\/zestaw-z-nowa-opaska-bez-tla-1000x1000.png 1000w, https:\/\/million-jestem.com\/wp-content\/uploads\/2026\/03\/zestaw-z-nowa-opaska-bez-tla-800x800.png 800w\" sizes=\"auto, (max-width: 300px) 100vw, 300px\" \/><\/div>\n\t\t\t\t\t<div class=\"wc-block-grid__product-title\">Wyzwanie 28 dni MILLION<\/div>\n\t\t\t\t<\/a>\n\t\t\t\t<div class=\"wc-block-grid__product-price price\"><span class=\"woocommerce-Price-amount amount\">349,00&nbsp;<span class=\"woocommerce-Price-currencySymbol\">&#122;&#322;<\/span><\/span><\/div>\n\t\t\t\t<div class=\"wc-block-grid__product-rating\"><div class=\"star-rating\" role=\"img\" aria-label=\"Oceniono 5.00 na 5\"><span style=\"width:100%\">Oceniony <strong class=\"rating\">5.00<\/strong> na 5 na podstawie <span class=\"rating\">1<\/span> oceny klienta<\/span><\/div><\/div>\n\t\t\t\t<div class=\"wp-block-button wc-block-grid__product-add-to-cart\"><a href=\"https:\/\/million-jestem.com\/?product=28-challenge\" aria-label=\"Wybierz opcje dla &bdquo;Wyzwanie 28 dni MILLION&rdquo;\" data-quantity=\"1\" data-product_id=\"1662\" data-product_sku=\"\" data-price=\"349\" rel=\"nofollow\" class=\"wp-block-button__link  add_to_cart_button\">Wybierz opcje<\/a><\/div>\n\t\t\t<\/li><\/ul><\/div><\/div>\n<\/div>\n","protected":false},"excerpt":{"rendered":"Zobacz inne r\u00f3wnie interesuj\u0105ce&hellip; Tw\u00f3j koszyk jest obecnie pusty! Nowe w sklepie","protected":false},"author":1,"featured_media":0,"parent":0,"menu_order":0,"comment_status":"closed","ping_status":"closed","template":"","meta":{"footnotes":""},"class_list":["post-12","page","type-page","status-publish"],"jetpack_sharing_enabled":true,"_links":{"self":[{"href":"https:\/\/million-jestem.com\/index.php?rest_route=\/wp\/v2\/pages\/12","targetHints":{"allow":["GET"]}}],"collection":[{"href":"https:\/\/million-jestem.com\/index.php?rest_route=\/wp\/v2\/pages"}],"about":[{"href":"https:\/\/million-jestem.com\/index.php?rest_route=\/wp\/v2\/types\/page"}],"author":[{"embeddable":true,"href":"https:\/\/million-jestem.com\/index.php?rest_route=\/wp\/v2\/users\/1"}],"replies":[{"embeddable":true,"href":"https:\/\/million-jestem.com\/index.php?rest_route=%2Fwp%2Fv2%2Fcomments&post=12"}],"version-history":[{"count":1,"href":"https:\/\/million-jestem.com\/index.php?rest_route=\/wp\/v2\/pages\/12\/revisions"}],"predecessor-version":[{"id":1669,"href":"https:\/\/million-jestem.com\/index.php?rest_route=\/wp\/v2\/pages\/12\/revisions\/1669"}],"wp:attachment":[{"href":"https:\/\/million-jestem.com\/index.php?rest_route=%2Fwp%2Fv2%2Fmedia&parent=12"}],"curies":[{"name":"wp","href":"https:\/\/api.w.org\/{rel}","templated":true}]}}