{"id":2184,"date":"2026-04-08T19:33:21","date_gmt":"2026-04-08T17:33:21","guid":{"rendered":"https:\/\/million-jestem.com\/?page_id=2184"},"modified":"2026-04-14T18:36:36","modified_gmt":"2026-04-14T16:36:36","slug":"regulamin","status":"publish","type":"page","link":"https:\/\/million-jestem.com\/?page_id=2184","title":{"rendered":"Regulamin"},"content":{"rendered":"[vc_row type=&#8221;in_container&#8221; full_screen_row_position=&#8221;middle&#8221; column_margin=&#8221;default&#8221; column_direction=&#8221;default&#8221; column_direction_tablet=&#8221;default&#8221; column_direction_phone=&#8221;default&#8221; scene_position=&#8221;center&#8221; text_color=&#8221;dark&#8221; text_align=&#8221;left&#8221; row_border_radius=&#8221;none&#8221; row_border_radius_applies=&#8221;bg&#8221; overflow=&#8221;visible&#8221; overlay_strength=&#8221;0.3&#8243; gradient_direction=&#8221;left_to_right&#8221; shape_divider_position=&#8221;bottom&#8221; bg_image_animation=&#8221;none&#8221;][vc_column column_padding=&#8221;no-extra-padding&#8221; column_padding_tablet=&#8221;inherit&#8221; column_padding_phone=&#8221;inherit&#8221; column_padding_position=&#8221;all&#8221; column_element_direction_desktop=&#8221;default&#8221; column_element_spacing=&#8221;default&#8221; desktop_text_alignment=&#8221;default&#8221; tablet_text_alignment=&#8221;default&#8221; phone_text_alignment=&#8221;default&#8221; background_color_opacity=&#8221;1&#8243; background_hover_color_opacity=&#8221;1&#8243; column_backdrop_filter=&#8221;none&#8221; column_shadow=&#8221;none&#8221; column_border_radius=&#8221;none&#8221; column_link_target=&#8221;_self&#8221; column_position=&#8221;default&#8221; gradient_direction=&#8221;left_to_right&#8221; overlay_strength=&#8221;0.3&#8243; width=&#8221;1\/1&#8243; tablet_width_inherit=&#8221;default&#8221; animation_type=&#8221;default&#8221; bg_image_animation=&#8221;none&#8221; border_type=&#8221;simple&#8221; column_border_width=&#8221;none&#8221; column_border_style=&#8221;solid&#8221;][vc_column_text]\n<h2>REGULAMIN<\/h2>\n<h2>POSTANOWIENIA OG\u00d3LNE<\/h2>\n<ol>\n<li>Serwis internetowy dzia\u0142aj\u0105cy pod adresem https:\/\/www.million-jestem.com prowadzony jest przez million jestem Sp\u00f3\u0142k\u0119 z ograniczon\u0105 odpowiedzialno\u015bci\u0105 wpisan\u0105 do rejestru przedsi\u0119biorc\u00f3w KRS pod numerem: 0001232366, adres siedziby: UL. ZIO\u0141OWA 9 62-512 Szczepid\u0142o, NIP: 6653085306, REGON: 544426284, mail: kontakt@million-jestem.com<\/li>\n<li>Serwis internetowy www.million-jestem.com dzia\u0142a na zasadach okre\u015blonych w niniejszym Regulaminie.<\/li>\n<li>Regulamin okre\u015bla rodzaje i zakres us\u0142ug \u015bwiadczonych drog\u0105 elektroniczn\u0105 przez Serwis internetowy www.million-jestem.com, zasady \u015bwiadczenia tych us\u0142ug, warunki zawierania i rozwi\u0105zywania Um\u00f3w Sprzeda\u017cy Produktu, a tak\u017ce tryb post\u0119powania reklamacyjnego.<\/li>\n<li>Ka\u017cdy Us\u0142ugobiorca z chwil\u0105 podj\u0119cia czynno\u015bci zmierzaj\u0105cych do korzystania z Us\u0142ug Serwisu internetowego www.million-jestem.com, zobowi\u0105zany jest do przestrzegania postanowie\u0144 niniejszego Regulaminu.<\/li>\n<li>Warunkiem z\u0142o\u017cenia Zam\u00f3wienia w\u00a0Serwisie przez Klienta jest zapoznanie si\u0119 z\u00a0Regulaminem i\u00a0akceptacja jego postanowie\u0144 w\u00a0czasie sk\u0142adania Zam\u00f3wienia.<\/li>\n<li>W sprawach nieuregulowanych w\u00a0niniejszym Regulaminie maj\u0105 zastosowanie przepisy:<\/li>\n<\/ol>\n<ul>\n<li title=\"https:\/\/www.lexlab.pl\/!data\/Logo%20Legalniewsieci\/logo.jpg\">Kodeksu cywilnego z\u00a0dnia 23 kwietnia 1964 r. (Dz. U. nr 16, poz. 93 ze\u00a0zm.);<\/li>\n<li>Ustawy o\u00a0\u015bwiadczeniu us\u0142ug drog\u0105 elektroniczn\u0105 z\u00a0dnia 18 lipca 2002 r. (Dz. U. Nr 144, poz. 1204 ze\u00a0zm.); oraz inne w\u0142a\u015bciwe przepisy prawa polskiego.<\/li>\n<\/ul>\n<h2>DEFINICJE<\/h2>\n<ol>\n<li>DZIE\u0143 ROBOCZY \u2013 jeden dzie\u0144 od poniedzia\u0142ku do\u00a0pi\u0105tku z\u00a0wy\u0142\u0105czeniem dni ustawowo wolnych od pracy.<\/li>\n<li>FORMULARZ REJESTRACJI \u2013 formularz dost\u0119pny na stronie internetowej www.million-jestem.com umo\u017cliwiaj\u0105cy utworzenie Konta.<\/li>\n<li>FORMULARZ ZAM\u00d3WIENIA \u2013 formularz dost\u0119pny na stronie internetowej www.million-jestem.com umo\u017cliwiaj\u0105cy z\u0142o\u017cenie Zam\u00f3wienia.<\/li>\n<li>KLIENT \u2013 Us\u0142ugobiorca, kt\u00f3ry zamierza zawrze\u0107 lub zawar\u0142 Umow\u0119 Sprzeda\u017cy ze\u00a0Sprzedawc\u0105.<\/li>\n<li>KONTO \u2013 oznaczony indywidualn\u0105 nazw\u0105 (loginem) oraz has\u0142em, zbi\u00f3r zasob\u00f3w w\u00a0systemie teleinformatycznym Us\u0142ugodawcy, w\u00a0kt\u00f3rym gromadzone s\u0105 dane Us\u0142ugobiorcy.<\/li>\n<li>REGULAMIN &#8211; niniejszy regulamin Serwisu.<\/li>\n<li>SERWIS &#8211; Serwis internetowy Us\u0142ugodawcy dzia\u0142aj\u0105cy pod adresem https:\/\/www.million-jestem.com<\/li>\n<li>US\u0141UGODAWCA (SPRZEDAWCA) \u2013 Million Jestem Sp\u00f3\u0142ka z ograniczon\u0105 odpowiedzialno\u015bci\u0105, ul. ZIO\u0141OWA 9, 62-512 Szczepid\u0142o, KRS: 0001232366, NIP: 6653085306<\/li>\n<li>PRODUKT \u2013 dost\u0119pna w\u00a0Serwisie us\u0142uga b\u0119d\u0105ca przedmiotem Umowy Sprzeda\u017cy mi\u0119dzy Klientem a Sprzedawc\u0105.<\/li>\n<li>UMOWA SPRZEDA\u017bY \u2013 Umowa Sprzeda\u017cy Produktu zawarta mi\u0119dzy Klientem, a Sprzedawc\u0105 za\u00a0po\u015brednictwem Serwisu.<\/li>\n<li>US\u0141UGOBIORCA \u2013 osoba fizyczna, osoba prawna albo jednostka organizacyjna nieposiadaj\u0105ca osobowo\u015bci prawnej, kt\u00f3rej ustawa przyznaje zdolno\u015b\u0107 prawn\u0105 korzystaj\u0105ca z\u00a0Us\u0142ugi Elektronicznej.<\/li>\n<li>US\u0141UGA ELEKTRONICZNA \u2013 us\u0142uga \u015bwiadczona drog\u0105 elektroniczn\u0105 przez Us\u0142ugodawc\u0119 na\u00a0rzecz Us\u0142ugobiorcy za\u00a0po\u015brednictwem Serwisu.<\/li>\n<li>NEWSLETTER \u2013 us\u0142uga pozwalaj\u0105ca Us\u0142ugobiorcy na\u00a0subskrybowanie i\u00a0otrzymywanie na\u00a0podany przez Us\u0142ugobiorc\u0119 adres e-mail bezp\u0142atnych informacji pochodz\u0105cych od Us\u0142ugodawcy, dotycz\u0105cych najnowszych informacji publikowanych w\u00a0zak\u0142adce News oraz Blog.<\/li>\n<li>ZAM\u00d3WIENIE &#8211; o\u015bwiadczenie woli Klienta stanowi\u0105ce ofert\u0119 zawarcia Umowy Sprzeda\u017cy Produktu ze\u00a0Sprzedawc\u0105.<\/li>\n<\/ol>\n<h2>RODZAJ I\u00a0ZAKRES US\u0141UG ELEKTRONICZNYCH<\/h2>\n<ol>\n<li>Us\u0142ugodawca umo\u017cliwia za\u00a0po\u015brednictwem Serwisu korzystanie z\u00a0Us\u0142ug Elektronicznych takich jak:\n<ul>\n<li>zawieranie Um\u00f3w Sprzeda\u017cy za\u00a0po\u015brednictwem Formularza Zam\u00f3wienia,<\/li>\n<li>prowadzenie Konta w\u00a0Serwisie,<\/li>\n<li>bezp\u0142atne udost\u0119pnianie informacji w\u00a0formie Newslettera.<\/li>\n<\/ul>\n<\/li>\n<li>\u015awiadczenie Us\u0142ug Elektronicznych na\u00a0rzecz Us\u0142ugobiorc\u00f3w w\u00a0Serwisie odbywa si\u0119 na\u00a0warunkach okre\u015blonych w\u00a0Regulaminie.<\/li>\n<\/ol>\n<h2>WARUNKI \u015aWIADCZENIA I\u00a0ZAWIERANIA UM\u00d3W O\u00a0\u015aWIADCZENIE US\u0141UG ELEKTRONICZNYCH<\/h2>\n<ol>\n<li>\u015awiadczenie Us\u0142ug Elektronicznych okre\u015blonych w\u00a0rozdziale III ust. 1 Regulaminu przez Us\u0142ugodawc\u0119 jest nieodp\u0142atne.<\/li>\n<li>Okres na\u00a0jaki umowa zostaje zawarta:\n<ul>\n<li>Umowa o\u00a0\u015bwiadczenie Us\u0142ugi Elektronicznej polegaj\u0105cej na\u00a0umo\u017cliwieniu z\u0142o\u017cenia Zam\u00f3wienia w\u00a0Serwisie poprzez wype\u0142nienie Formularza Zam\u00f3wienia zawierana jest na\u00a0czas oznaczony i\u00a0ulega rozwi\u0105zaniu z\u00a0chwil\u0105 z\u0142o\u017cenia Zam\u00f3wienia albo zaprzestania jego sk\u0142adania przez Us\u0142ugobiorc\u0119.<\/li>\n<li>Umowa o\u00a0\u015bwiadczenie Us\u0142ugi Elektronicznej polegaj\u0105cej na\u00a0prowadzeniu Konta w\u00a0Serwisie zawierana jest na\u00a0czas nieoznaczony.<\/li>\n<li>Umowa o\u00a0\u015bwiadczenie Us\u0142ugi Elektronicznej Newslettera zawierana jest na\u00a0czas nieoznaczony.<\/li>\n<\/ul>\n<\/li>\n<li>Wymagania techniczne niezb\u0119dne do\u00a0wsp\u00f3\u0142pracy z\u00a0systemem teleinformatycznym, kt\u00f3rym pos\u0142uguje si\u0119 Us\u0142ugodawca:\n<ul>\n<li>Komputer z\u00a0dost\u0119pem do\u00a0Internetu.<\/li>\n<li>Dost\u0119p do\u00a0poczty elektronicznej.<\/li>\n<li>Przegl\u0105darka internetowa.<\/li>\n<li>W\u0142\u0105czenie w\u00a0przegl\u0105darce internetowej Cookies oraz Javascript.<\/li>\n<\/ul>\n<\/li>\n<\/ol>\n<h2>OBOWI\u0104ZKI US\u0141UGOBIORCY<\/h2>\n<ol>\n<li>Us\u0142ugobiorca zobowi\u0105zany jest do\u00a0korzystania z\u00a0Serwisu w\u00a0spos\u00f3b zgodny z\u00a0prawem i\u00a0dobrymi obyczajami, maj\u0105c na\u00a0uwadze poszanowanie d\u00f3br osobistych i\u00a0praw w\u0142asno\u015bci intelektualnej os\u00f3b trzecich.<\/li>\n<li>Us\u0142ugobiorca zobowi\u0105zany jest do\u00a0wprowadzania danych zgodnych ze\u00a0stanem faktycznym.<\/li>\n<li>Us\u0142ugobiorc\u0119 obowi\u0105zuje zakaz dostarczania tre\u015bci o\u00a0charakterze bezprawnym.<\/li>\n<\/ol>\n<h2>WARUNKI ZAWIERANIA UM\u00d3W SPRZEDA\u017bY<\/h2>\n<ol>\n<li>Informacje znajduj\u0105ce si\u0119 na\u00a0stronach internetowych Serwisu nie stanowi\u0105 oferty w\u00a0rozumieniu przepis\u00f3w prawa. Klient sk\u0142adaj\u0105c Zam\u00f3wienie, sk\u0142ada ofert\u0119 kupna okre\u015blonego Produktu na\u00a0warunkach podanych w\u00a0jego opisie.<\/li>\n<li>Cena Produktu uwidoczniona na\u00a0stronie internetowej Serwisu jest wi\u0105\u017c\u0105ca w\u00a0chwili z\u0142o\u017cenia przez Klienta Zam\u00f3wienia. Cena ta nie ulegnie zmianie niezale\u017cnie od zmian cen w\u00a0Serwisie, kt\u00f3re mog\u0105 si\u0119 pojawi\u0107 w\u00a0odniesieniu do\u00a0poszczeg\u00f3lnych Produkt\u00f3w po z\u0142o\u017ceniu przez Klienta Zam\u00f3wienia.<\/li>\n<li>Zawarcie Umowy Sprzeda\u017cy.\n<ol>\n<li>Do zawarcia Umowy Sprzeda\u017cy, niezb\u0119dne jest wcze\u015bniejsze z\u0142o\u017cenie przez Klienta, Zam\u00f3wienia.<\/li>\n<li>Po z\u0142o\u017ceniu Zam\u00f3wienia Sprzedawca, niezw\u0142ocznie potwierdza jego otrzymanie, co powoduje zwi\u0105zanie Klienta jego Zam\u00f3wieniem oraz jednocze\u015bnie przyjmuje Zam\u00f3wienie do\u00a0realizacji. Potwierdzenie otrzymania Zam\u00f3wienia nast\u0119puje poprzez przes\u0142anie wiadomo\u015bci e-mail, kt\u00f3ra zawiera:\n<ul>\n<li>o\u015bwiadczenie Sprzedawcy o\u00a0otrzymaniu Zam\u00f3wienia,<\/li>\n<li>potwierdzenie wszystkich istotnych element\u00f3w Zam\u00f3wienia,<\/li>\n<li>o\u015bwiadczenie Sprzedawcy o\u00a0przyj\u0119ciu Zam\u00f3wienia do\u00a0realizacji (przyj\u0119cie oferty),<\/li>\n<\/ul>\n<\/li>\n<li>Z chwil\u0105 otrzymania przez Klienta wiadomo\u015bci e-mail, o\u00a0kt\u00f3rej mowa w\u00a0ust. 6 zostaje zawarta Umowa Sprzeda\u017cy mi\u0119dzy Klientem, a Sprzedawc\u0105.<\/li>\n<\/ol>\n<\/li>\n<li>Zam\u00f3wienia z\u0142o\u017cone w\u00a0dni powszednie po godz. 17:00 w\u00a0soboty, niedziele oraz \u015bwi\u0119ta, b\u0119d\u0105 rozpatrywane nast\u0119pnego Dnia Roboczego.<\/li>\n<li>Ka\u017cda Umowa Sprzeda\u017cy b\u0119dzie potwierdzana faktur\u0105 VAT, kt\u00f3ra b\u0119dzie przesy\u0142ana w\u00a0formie elektronicznej zgodnie z\u00a0wymaganiami okre\u015blonymi w\u00a0ustawie z\u00a0dnia 11 marca 2004 r. o\u00a0podatku od towar\u00f3w i\u00a0us\u0142ug. W\u00a0zwi\u0105zku z\u00a0powy\u017cszym konieczna jest zgoda Klienta na\u00a0taki spos\u00f3b przesy\u0142ania faktur. Dla unikni\u0119cia jakichkolwiek w\u0105tpliwo\u015bci stwierdza si\u0119, i\u017c akceptacja niniejszego Regulaminu r\u00f3wnoznaczna jest tak\u017ce ze\u00a0za zgod\u0105 Klienta na\u00a0przesy\u0142anie faktur w\u00a0formie elektronicznej w\u00a0rozumieniu wy\u017cej wskazanego rozporz\u0105dzenia.<\/li>\n<\/ol>\n<h2>SPOSOBY P\u0141ATNO\u015aCI. TERMIN I\u00a0SPOSOBY DOSTAWY<\/h2>\n<ol>\n<li>\n<p data-path-to-node=\"3,0,0\">Sprzedawca udost\u0119pnia nast\u0119puj\u0105ce sposoby p\u0142atno\u015bci:<\/p>\n<ul data-path-to-node=\"3,0,1\">\n<li>\n<p data-path-to-node=\"3,0,1,0,0\">p\u0142atno\u015b\u0107 elektroniczna za po\u015brednictwem serwisu <b data-path-to-node=\"3,0,1,0,0\" data-index-in-node=\"48\">Przelewy24.pl<\/b> (w tym szybkie przelewy bankowe, BLIK oraz karty p\u0142atnicze).<\/p>\n<\/li>\n<\/ul>\n<\/li>\n<li>\n<p data-path-to-node=\"3,1,0\">Klient zobowi\u0105zany jest do dokonania p\u0142atno\u015bci w terminie <b data-path-to-node=\"3,1,0\" data-index-in-node=\"58\">3 dni kalendarzowych<\/b> od dnia zawarcia Umowy Sprzeda\u017cy. Brak wp\u0142aty w tym terminie mo\u017ce skutkowa\u0107 anulowaniem zam\u00f3wienia.<\/p>\n<\/li>\n<li>\n<p data-path-to-node=\"3,2,0\">Realizacja zam\u00f3wienia (przyst\u0105pienie do przygotowania Produktu) rozpoczyna si\u0119 niezw\u0142ocznie po otrzymaniu przez Sprzedawc\u0119 potwierdzenia poprawnego wykonania p\u0142atno\u015bci z serwisu Przelewy24.pl.<\/p>\n<\/li>\n<li>\n<p data-path-to-node=\"3,3,0\"><b data-path-to-node=\"3,3,0\" data-index-in-node=\"0\">Czas realizacji i wysy\u0142ki:<\/b><\/p>\n<ul data-path-to-node=\"3,3,1\">\n<li>\n<p data-path-to-node=\"3,3,1,0,0\"><b data-path-to-node=\"3,3,1,0,0\" data-index-in-node=\"0\">Standardowy czas wysy\u0142ki zam\u00f3wienia wynosi 3 dni robocze<\/b> od momentu zaksi\u0119gowania wp\u0142aty.<\/p>\n<\/li>\n<li>\n<p data-path-to-node=\"3,3,1,1,0\">W przypadkach nadzwyczajnych, wynikaj\u0105cych z bardzo du\u017cego nat\u0119\u017cenia zam\u00f3wie\u0144 (np. okresy promocyjne, premiery produkt\u00f3w), czas ten mo\u017ce ulec wyd\u0142u\u017ceniu <b data-path-to-node=\"3,3,1,1,0\" data-index-in-node=\"153\">do maksymalnie 21 dni roboczych<\/b>.<\/p>\n<\/li>\n<li>\n<p data-path-to-node=\"3,3,1,2,0\">O wszelkich przewidywanych op\u00f3\u017anieniach przekraczaj\u0105cych termin standardowy, Klient zostanie niezw\u0142ocznie poinformowany drog\u0105 elektroniczn\u0105 na adres e-mail podany w zam\u00f3wieniu.<\/p>\n<\/li>\n<\/ul>\n<\/li>\n<li>\n<h2>Prawo do odst\u0105pienia od umowy<\/h2>\n<ol>\n<li>\n<p data-path-to-node=\"6,1,0,0\">Konsument ma prawo odst\u0105pi\u0107 od niniejszej umowy w terminie 14 dni bez podania jakiejkolwiek przyczyny.<\/p>\n<\/li>\n<li>\n<p data-path-to-node=\"6,1,1,0\">Termin do odst\u0105pienia od umowy wygasa po up\u0142ywie 14 dni od dnia, w kt\u00f3rym Konsument wszed\u0142 w posiadanie rzeczy lub w kt\u00f3rym osoba trzecia inna ni\u017c przewo\u017anik i wskazana przez Konsumenta wesz\u0142a w posiadanie rzeczy.<\/p>\n<\/li>\n<li>\n<p data-path-to-node=\"6,1,2,0\">Aby skorzysta\u0107 z prawa od odst\u0105pienia od umowy, Konsument musi poinformowa\u0107 nas (Million Jestem Sp. z o.o., ul. Zio\u0142owa 9, 62-512 Szczepid\u0142o, e-mail: kontakt@million-jestem.com) o swojej decyzji o odst\u0105pieniu od niniejszej umowy w drodze jednoznacznego o\u015bwiadczenia (na przyk\u0142ad pismo wys\u0142ane poczt\u0105 lub poczt\u0105 elektroniczn\u0105).<\/p>\n<\/li>\n<li>Konsument mo\u017ce skorzysta\u0107 z wzoru formularza odst\u0105pienia od umowy, jednak nie jest to obowi\u0105zkowe.<\/li>\n<\/ol>\n<\/li>\n<\/ol>\n<h2>TRYB POST\u0118POWANIA REKLAMACYJNEGO<\/h2>\n<ol>\n<li>Reklamacje z\u00a0tytu\u0142u niezgodno\u015bci Produktu z\u00a0Umow\u0105 Sprzeda\u017cy:\n<ul>\n<li>Zawiadomienia o niezgodno\u015bci Produktu z Umow\u0105 Sprzeda\u017cy oraz zg\u0142oszenie odpowiedniego \u017c\u0105dania mo\u017cna sk\u0142ada\u0107 za po\u015brednictwem poczty elektronicznej na adres: kontakt@million-jestem.com<\/li>\n<li>Sprzedawca ustosunkuje si\u0119 do\u00a0\u017c\u0105dania Klienta niezw\u0142ocznie, nie p\u00f3\u017aniej ni\u017c w\u00a0terminie 14 dni. Odpowied\u017a w\u00a0sprawie reklamacji jest wysy\u0142ana na\u00a0podany przez Klienta adres e-mail lub w\u00a0inny podany przez Klienta spos\u00f3b.<\/li>\n<\/ul>\n<\/li>\n<li>Reklamacje zwi\u0105zane ze\u00a0\u015bwiadczeniem Us\u0142ugi Elektronicznej przez Us\u0142ugodawc\u0119:\n<ul>\n<li>Reklamacje zwi\u0105zane ze \u015bwiadczeniem Us\u0142ug Elektronicznych za po\u015brednictwem Serwisu internetowego Us\u0142ugobiorca mo\u017ce sk\u0142ada\u0107 za po\u015brednictwem poczty elektronicznej na adres: kontakt@million-jestem.com<\/li>\n<li>W powy\u017cszej wiadomo\u015bci e-mail, nale\u017cy poda\u0107 jak najwi\u0119cej informacji i\u00a0okoliczno\u015bci dotycz\u0105cych przedmiotu reklamacji, w\u00a0szczeg\u00f3lno\u015bci rodzaj i\u00a0dat\u0119 wyst\u0105pienia nieprawid\u0142owo\u015bci oraz dane kontaktowe. Podane informacje znacznie u\u0142atwi\u0105 i\u00a0przyspiesz\u0105 rozpatrzenie reklamacji przez Us\u0142ugodawc\u0119.<\/li>\n<li>Rozpatrzenie reklamacji przez Us\u0142ugodawc\u0119 nast\u0119puje niezw\u0142ocznie, nie p\u00f3\u017aniej ni\u017c w\u00a0terminie 14 dni.<\/li>\n<li>Odpowied\u017a Us\u0142ugodawcy w\u00a0sprawie reklamacji jest wysy\u0142ana na\u00a0adres e-mail Us\u0142ugobiorcy podany w\u00a0zg\u0142oszeniu reklamacyjnym lub w\u00a0inny podany przez Us\u0142ugobiorc\u0119 spos\u00f3b.<\/li>\n<\/ul>\n<\/li>\n<\/ol>\n<h2>ODPOWIEDZIALNO\u015a\u0106 SERWISU<\/h2>\n<ol>\n<li>Sprzedawca zobowi\u0105zuje si\u0119 wykona\u0107 Produkt z\u00a0nale\u017cyt\u0105 staranno\u015bci\u0105, ponosz\u0105c odpowiedzialno\u015b\u0107 w\u00a0przypadku jej niezachowania. Sprzedawca ponosi pe\u0142n\u0105 odpowiedzialno\u015b\u0107 za\u00a0ewentualne szkody zaistnia\u0142e po stronie Klienta w\u00a0zwi\u0105zku ze\u00a0niew\u0142a\u015bciw\u0105 realizacj\u0105 Produktu i\u00a0z\u00a0tego tytu\u0142u staje si\u0119 stron\u0105 potencjalnego post\u0119powania.<\/li>\n<li>Odpowiedzialno\u015b\u0107 Us\u0142ugodawcy doznaje nast\u0119puj\u0105cych ogranicze\u0144:\n<ul>\n<li>Us\u0142ugodawca nie jest odpowiedzialny za\u00a0jakiekolwiek bezprawne dzia\u0142ania Klienta korzystaj\u0105cego z\u00a0us\u0142ug Serwisu.<\/li>\n<li>odpowiedzialno\u015b\u0107 Us\u0142ugodawcy ograniczona jest do\u00a0normalnych nast\u0119pstw, przewidywalnych w\u00a0chwili zwarcia Umowy Sprzeda\u017cy. Us\u0142ugodawca nie ponosi odpowiedzialno\u015bci za\u00a0straty, kt\u00f3re poni\u00f3s\u0142 Klient jak r\u00f3wnie\u017c z\u00a0tytu\u0142u utraconych korzy\u015bci.<\/li>\n<li>Us\u0142ugodawca odpowiedzialny jest za\u00a0szkody wyrz\u0105dzone wy\u0142\u0105cznie z\u00a0winy umy\u015blnej.<\/li>\n<\/ul>\n<\/li>\n<li>Us\u0142ugodawca monitoruje stworzone przez siebie dokumenty oraz gwarantuje zgodno\u015b\u0107 ich tre\u015bci z\u00a0obowi\u0105zuj\u0105cymi przepisami i\u00a0ponosi w\u00a0tym zakresie odpowiedzialno\u015b\u0107, pod warunkiem umieszczenia przez Klienta pod takim dokumentem \u015bwiadectwa bezpiecze\u0144stwa wydanego przez Serwis. Z\u00a0tym zastrze\u017cenie, i\u017c \u015bwiadectwo bezpiecze\u0144stwa jest wydawane wy\u0142\u0105cznie przedsi\u0119biorcom posiadaj\u0105cym siedzib\u0119 na\u00a0terenie Polski.<\/li>\n<\/ol>\n<h2>POSTANOWIENIA KO\u0143COWE<\/h2>\n<ol>\n<li>Umowy zawierane za\u00a0po\u015brednictwem Serwisu zawierane s\u0105 zgodnie z\u00a0prawem polskim.<\/li>\n<li>Zmiany dokonane w\u00a0Regulaminie Serwisu przez Us\u0142ugodawc\u0119 wi\u0105\u017c\u0105 Us\u0142ugobiorc\u0119, pod warunkiem i\u017c zosta\u0142 on prawid\u0142owo poinformowany o\u00a0zmianach i\u00a0m\u00f3g\u0142 si\u0119 z\u00a0nimi zapozna\u0107.<\/li>\n<li>\u017badne z\u00a0postanowie\u0144 Regulaminu nie ma\u00a0na\u00a0celu naruszenia praw Us\u0142ugobiorcy. W\u00a0przypadku niezgodno\u015bci jakiejkolwiek cz\u0119\u015bci Regulaminu z\u00a0obowi\u0105zuj\u0105cym prawem Us\u0142ugodawca deklaruje bezwzgl\u0119dne podporz\u0105dkowanie si\u0119 i\u00a0stosowanie tego prawa w\u00a0miejsce zakwestionowanego przepisu Regulaminu.<\/li>\n<li>Wszelkie spory wynik\u0142e z\u00a0Um\u00f3w Sprzeda\u017cy mi\u0119dzy Serwisem, a Konsumentami b\u0119d\u0105 rozstrzygane w\u00a0pierwszej kolejno\u015bci na\u00a0drodze negocjacji, z\u00a0intencj\u0105 polubownego zako\u0144czenia sporu. Je\u015bli jednak nie by\u0142oby to mo\u017cliwe, lub te\u017c by\u0142oby niesatysfakcjonuj\u0105ce dla kt\u00f3rejkolwiek ze\u00a0stron, spory powsta\u0142e pomi\u0119dzy Us\u0142ugodawc\u0105, a Us\u0142ugobiorc\u0105 (Klientem) zostaj\u0105 poddane s\u0105dowi w\u0142a\u015bciwemu ze\u00a0wzgl\u0119du na\u00a0siedzib\u0119 Us\u0142ugodawcy.<\/li>\n<li><i>Operatorem kart p\u0142atniczych jest PayPro SA Agent Rozliczeniowy, ul. Pastelowa 8, 60-198 Pozna\u0144, wpisany do Rejestru Przedsi\u0119biorc\u00f3w Krajowego Rejestru S\u0105dowego prowadzonego przez S\u0105d Rejonowy Pozna\u0144 Nowe Miasto i Wilda w Poznaniu, VIII Wydzia\u0142 Gospodarczy Krajowego Rejestru S\u0105dowego pod numerem KRS 0000347935, NIP 7792369887, REGON 301345068.<\/i><\/li>\n<\/ol>\n[\/vc_column_text][\/vc_column][\/vc_row]\n","protected":false},"excerpt":{"rendered":"<p>[vc_row type=&#8221;in_container&#8221; full_screen_row_position=&#8221;middle&#8221; column_margin=&#8221;default&#8221; column_direction=&#8221;default&#8221; column_direction_tablet=&#8221;default&#8221; column_direction_phone=&#8221;default&#8221; scene_position=&#8221;center&#8221; text_color=&#8221;dark&#8221; text_align=&#8221;left&#8221; row_border_radius=&#8221;none&#8221; row_border_radius_applies=&#8221;bg&#8221; overflow=&#8221;visible&#8221; overlay_strength=&#8221;0.3&#8243; gradient_direction=&#8221;left_to_right&#8221; shape_divider_position=&#8221;bottom&#8221; bg_image_animation=&#8221;none&#8221;][vc_column column_padding=&#8221;no-extra-padding&#8221; column_padding_tablet=&#8221;inherit&#8221; column_padding_phone=&#8221;inherit&#8221; column_padding_position=&#8221;all&#8221; column_element_direction_desktop=&#8221;default&#8221; column_element_spacing=&#8221;default&#8221; desktop_text_alignment=&#8221;default&#8221; tablet_text_alignment=&#8221;default&#8221; phone_text_alignment=&#8221;default&#8221; background_color_opacity=&#8221;1&#8243; background_hover_color_opacity=&#8221;1&#8243; column_backdrop_filter=&#8221;none&#8221; column_shadow=&#8221;none&#8221;&#8230;<\/p>\n","protected":false},"author":1,"featured_media":0,"parent":0,"menu_order":0,"comment_status":"closed","ping_status":"open","template":"","meta":{"footnotes":""},"class_list":["post-2184","page","type-page","status-publish"],"jetpack_sharing_enabled":true,"_links":{"self":[{"href":"https:\/\/million-jestem.com\/index.php?rest_route=\/wp\/v2\/pages\/2184","targetHints":{"allow":["GET"]}}],"collection":[{"href":"https:\/\/million-jestem.com\/index.php?rest_route=\/wp\/v2\/pages"}],"about":[{"href":"https:\/\/million-jestem.com\/index.php?rest_route=\/wp\/v2\/types\/page"}],"author":[{"embeddable":true,"href":"https:\/\/million-jestem.com\/index.php?rest_route=\/wp\/v2\/users\/1"}],"replies":[{"embeddable":true,"href":"https:\/\/million-jestem.com\/index.php?rest_route=%2Fwp%2Fv2%2Fcomments&post=2184"}],"version-history":[{"count":7,"href":"https:\/\/million-jestem.com\/index.php?rest_route=\/wp\/v2\/pages\/2184\/revisions"}],"predecessor-version":[{"id":2288,"href":"https:\/\/million-jestem.com\/index.php?rest_route=\/wp\/v2\/pages\/2184\/revisions\/2288"}],"wp:attachment":[{"href":"https:\/\/million-jestem.com\/index.php?rest_route=%2Fwp%2Fv2%2Fmedia&parent=2184"}],"curies":[{"name":"wp","href":"https:\/\/api.w.org\/{rel}","templated":true}]}}